
Convert -5 (base 11) to base 9.
-5
Convert -12 (base 7) to base 13.
-9
-1001 (base 2) to base 9
-10
Convert 110100 (base 2) to base 13.
40
What is 4 (base 16) in base 10?
4
What is -23 (base 4) in base 9?
-12
What is -2200 (base 3) in base 10?
-72
What is b (base 16) in base 5?
21
Convert -1 (base 7) to base 15.
-1
-32 (base 7) to base 6
-35
-a (base 16) to base 14
-a
-11111111 (base 2) to base 4
-3333
What is 11020 (base 3) in base 7?
222
What is 101 (base 2) in base 10?
5
136 (base 11) to base 3
12221
What is 6 (base 9) in base 12?
6
Convert 50 (base 6) to base 11.
28
What is 0 (base 15) in base 13?
0
7 (base 11) to base 14
7
Convert 3 (base 5) to base 2.
11
Convert -2 (base 16) to base 14.
-2
What is -21 (base 13) in base 16?
-1b
154 (base 12) to base 16
d0
Convert 3 (base 4) to base 14.
3
Convert -a (base 13) to base 11.
-a
Convert 81 (base 15) to base 10.
121
124 (base 8) to base 16
54
What is -2 (base 5) in base 11?
-2
-d (base 14) to base 15
-d
4 (base 9) to base 3
11
-11 (base 5) to base 9
-6
11122 (base 3) to base 15
85
What is -10 (base 13) in base 15?
-d
What is 11 (base 5) in base 6?
10
Convert 1 (base 15) to base 4.
1
Convert 36 (base 7) to base 6.
43
What is -21 (base 5) in base 8?
-13
16 (base 14) to base 3
202
What is 22 (base 3) in base 15?
8
What is 77 (base 12) in base 11?
83
4 (base 16) to base 14
4
Convert -181 (base 9) to base 16.
-9a
31 (base 8) to base 5
100
Convert -1 (base 15) to base 13.
-1
b (base 15) to base 3
102
What is 0 (base 16) in base 14?
0
20 (base 5) to base 7
13
0 (base 14) to base 11
0
Convert -3 (base 11) to base 4.
-3
What is -12 (base 3) in base 2?
-101
Convert -104 (base 6) to base 7.
-55
-19 (base 11) to base 7
-26
-103 (base 9) to base 5
-314
What is 13 (base 5) in base 12?
8
Convert -22 (base 10) to base 15.
-17
Convert -2 (base 9) to base 15.
-2
84 (base 10) to base 3
10010
What is 1 (base 13) in base 10?
1
Convert -4 (base 14) to base 15.
-4
Convert 1 (base 13) to base 9.
1
Convert -10 (base 2) to base 4.
-2
What is 4 (base 12) in base 2?
100
-18 (base 9) to base 15
-12
What is 87 (base 9) in base 12?
67
Convert 6 (base 16) to base 8.
6
What is -171 (base 14) in base 12?
-207
What is -2 (base 5) in base 16?
-2
What is 5 (base 15) in base 12?
5
What is 1100 (base 2) in base 9?
13
Convert b (base 12) to base 2.
1011
What is 102 (base 4) in base 15?
13
2 (base 8) to base 7
2
Convert 20 (base 5) to base 7.
13
-1001111 (base 2) to base 5
-304
Convert -4 (base 11) to base 2.
-100
Convert 81 (base 15) to base 5.
441
What is 3 (base 15) in base 7?
3
-4 (base 7) to base 11
-4
-2 (base 13) to base 10
-2
1b (base 14) to base 7
34
-189 (base 10) to base 3
-21000
3 (base 16) to base 9
3
What is 6 (base 15) in base 10?
6
Convert -12 (base 8) to base 6.
-14
What is 40 (base 6) in base 10?
24
Convert -26 (base 8) to base 3.
-211
Convert -58 (base 12) to base 6.
-152
Convert -2 (base 16) to base 11.
-2
What is -2 (base 4) in base 2?
-10
What is 0 (base 4) in base 10?
0
-41 (base 6) to base 13
-1c
Convert -2 (base 9) to base 5.
-2
What is -10 (base 12) in base 15?
-c
Convert 40 (base 8) to base 10.
32
-3 (base 16) to base 15
-3
Convert -c (base 13) to base 4.
-30
Convert 2 (base 6) to base 14.
2
5 (base 9) to base 10
5
Convert 1b (base 12) to base 8.
27
Convert -43 (base 15) to base 3.
-2100
What is 15 (base 11) in base 9?
17
What is 4 (base 13) in base 4?
10
Convert -77 (base 14) to base 8.
-151
What is 1 (base 13) in base 11?
1
What is 16 (base 12) in base 4?
102
10 (base 6) to base 11
6
What is 3 (base 13) in base 8?
3
252 (base 6) to base 10
104
Convert 2 (base 16) to base 15.
2
-1 (base 9) to base 2
-1
4 (base 15) to base 5
4
-1021 (base 3) to base 7
-46
What is 7b (base 15) in base 4?
1310
What is 5 (base 8) in base 14?
5
What is -15 (base 8) in base 3?
-111
Convert -10 (base 8) to base 4.
-20
Convert -1003 (base 5) to base 9.
-152
What is 27 (base 8) in base 11?
21
What is -24 (base 15) in base 3?
-1021
Convert -22 (base 5) to base 12.
-10
-201 (base 9) to base 4
-2203
-3 (base 10) to base 2
-11
What is -38 (base 13) in base 5?
-142
Convert -34 (base 11) to base 12.
-31
What is -ed (base 16) in base 7?
-456
What is 70 (base 10) in base 3?
2121
11 (base 3) to base 7
4
Convert 3 (base 9) to base 10.
3
-4 (base 16) to base 15
-4
60 (base 8) to base 10
48
42 (base 15) to base 4
332
Convert -11 (base 12) to base 10.
-13
1 (base 5) to base 9
1
What is -6 (base 9) in base 4?
-12
Convert 1131 (base 4) to base 5.
333
What is -5 (base 9) in base 15?
-5
What is 1110110 (base 2) in base 6?
314
What is 33 (base 6) in base 7?
30
What is -4 (base 5) in base 14?
-4
-13 (base 6) to base 4
-21
What is -332 (base 7) in base 3?
-20022
What is 1 (base 14) in base 5?
1
Convert 22 (base 5) to base 8.
14
Convert -133 (base 8) to base 14.
-67
65 (base 14) to base 8
131
What is -2a (base 13) in base 6?
-100
Convert -7 (base 15) to base 4.
-13
-110 (base 2) to base 16
-6
321 (base 5) to base 3
10012
-10100 (base 3) to base 7
-156
Convert -10 (base 5) to base 14.
-5
What is -3 (base 5) in base 11?
-3
Convert 5 (base 14) to base 5.
10
Convert 22 (base 8) to base 12.
16
Convert -13 (base 8) to base 3.
-102
Convert -121 (base 4) to base 7.
-34
What is -10 (base 4) in base 11?
-4
What is -2 (base 9) in base 16?
-2
Convert -202 (base 4) to base 10.
-34
-6 (base 7) to base 2
-110
What is 5 (base 15) in base 10?
5
Convert -9 (base 13) to base 15.
-9
What is 1 (base 6) in base 12?
1
-25 (base 12) to base 5
-104
Convert -2 (base 11) to base 15.
-2
What is -143 (base 6) in base 2?
-111111
Convert -110 (base 14) to base 12.
-156
Convert -434 (base 6) to base 14.
-bc
-133 (base 7) to base 3
-2201
Convert 2 (base 9) to base 8.
2
Convert -10111 (base 2) to base 3.
-212
What is -142 (base 8) in base 10?
-98
What is 0 (base 6) in base 13?
0
0 (base 5) to base 8
0
What is 1d (base 16) in base 6?
45
What is a (base 14) in base 6?
14
Convert -310 (base 5) to base 9.
-88
102 (base 3) to base 13
b
9 (base 13) to base 4
21
What is -10 (base 5) in base 12?
-5
What is -4 (base 15) in base 12?
-4
153 (base 8) to base 11
98
-11 (base 3) to base 4
-10
What is 1100 (base 2) in base 13?
c
Convert 11 (base 2) to base 6.
3
Convert 1011 (base 3) to base 4.
133
-9 (base 16) to base 3
-100
What is 11 (base 2) in base 8?
3
What is 4 (base 15) in base 9?
4
1202 (base 6) to base 3
101202
What is -1 (base 8) in base 2?
-1
What is -55 (base 16) in base 5?
-320
-13 (base 6) to base 10
-9
Convert 1101 (base 4) to base 12.
69
What is -b (base 13) in base 7?
-14
Convert 3 (base 12) to base 4.
3
What is -16 (base 8) in base 9?
-15
Convert -2e (base 16) to base 12.
-3a
Convert -112 (base 4) to base 2.
-10110
21 (base 4) to base 15
9
What is -12 (base 10) in base 8?
-14
6 (base 7) to base 10
6
10 (base 16) to base 5
31
What is -15 (base 8) in base 9?
-14
-6 (base 13) to base 15
-6
Convert 8 (base 9) to base 11.
8
12 (base 8) to base 4
22
Convert 2 (base 13) to base 14.
2
1000 (base 2) to base 3
22
-2002 (base 3) to base 9
-62
What is -7 (base 12) in base 16?
-7
What is -1 (base 8) in base 5?
-1
Convert 2 (base 13) to base 16.
2
What is 42 (base 16) in base 15?
46
What is -228 (base 9) in base 12?
-138
Convert 71 (base 15) to base 14.
78
-40 (base 6) to base 14
-1a
Convert 6 (base 9) to base 11.
6
Convert 1110 (base 2) to base 3.
112
What is 13 (base 6) in base 9?
10
5b (base 13) to base 15
51
What is -1 (base 6) in base 9?
-1
What is 5 (base 6) in base 15?
5
0 (base 5) to base 8
0
Convert 1332 (base 6) to base 2.
101011000
-5 (base 14) to base 8
-5
5 (base 6) to base 15
5
Convert 3 (base 16) to base 5.
3
Convert 59 (base 14) to base 5.
304
Convert 1d (base 16) to base 6.
45
What is 310 (base 6) in base 11?
a4
What is 32 (base 5) in base 16?
11
What is 40 (base 11) in base 4?
230
14 (base 16) to base 3
202
123 (base 4) to base 8
33
Convert -6 (base 8) to base 4.
-12
Convert 4 (base 9) to base 11.
4
-101010 (base 2) to base 5
-132
What is 1 (base 4) in base 2?
1
What is -15 (base 10) in base 2?
-1111
56 (base 7) to base 9
45
What is 1023 (base 4) in base 5?
300
What is -140 (base 5) in base 16?
-2d
18 (base 9) to base 13
14
0 (base 13) to base 9
0
What is 23 (base 10) in base 5?
43
Convert -165 (base 12) to base 6.
-1005
Convert 113 (base 4) to base 7.
32
What is 5 (base 7) 